{"id":3507,"date":"2015-09-18T21:58:02","date_gmt":"2015-09-18T18:58:02","guid":{"rendered":"http:\/\/www.dadrbuzau.ro\/?page_id=3507"},"modified":"2016-05-18T15:44:17","modified_gmt":"2016-05-18T12:44:17","slug":"avizier-virtual","status":"publish","type":"page","link":"http:\/\/www.dadrbuzau.ro\/?page_id=3507","title":{"rendered":"AVIZIER VIRTUAL * AVIZIER VIRTUAL * AVIZIER VIRTUAL * AVIZIER VIRTUAL * AVIZIER VIRTUAL"},"content":{"rendered":"\n                <a class=\"x-large custom-button align-btn-left\" href=\"http:\/\/www.dadrbuzau.ro\/?page_id=4013\" title=\"Rezultate finale concurs recrutare\"><span style=\"background-color:#FF0000; color:#FFFFFF\">Rezultate finale concurs recrutare<\/span><\/a>\n\t     \n\n                <a class=\"x-large custom-button align-btn-left\" href=\"http:\/\/www.dadrbuzau.ro\/?page_id=4013\" title=\"Rezultate proba interviu\"><span style=\"background-color:#FF0000; color:#FFFFFF\">Rezultate proba interviu<\/span><\/a>\n\t     \n<div class=\"divider\"><\/div>\n\n                <a class=\"x-large custom-button align-btn-left\" href=\"http:\/\/www.dadrbuzau.ro\/?page_id=4013\" title=\"Rezultate concurs - proba scrisa\"><span style=\"background-color:#FF0000; color:#FFFFFF\">Rezultate concurs - proba scrisa<\/span><\/a>\n\t     \n\n                <a class=\"x-large custom-button align-btn-left\" href=\"http:\/\/www.dadrbuzau.ro\/?page_id=4013\" title=\"Rezultate selectie dosare\"><span style=\"background-color:#FF0000; color:#FFFFFF\">Rezultate selectie dosare<\/span><\/a>\n\t     \n\n                <a class=\"x-large custom-button align-btn-left\" href=\"http:\/\/www.dadrbuzau.ro\/?page_id=4013\" title=\"Anunt concurs - 16.05.2016\"><span style=\"background-color:#FF0000; color:#FFFFFF\">Anunt concurs - 16.05.2016<\/span><\/a>\n\t     \n<div class=\"divider\"><\/div>\n\n                <a class=\"x-large custom-button align-btn-left\" href=\"http:\/\/www.dadrbuzau.ro\/?p=3366\" title=\"Rezultatatele FINALE ale examenului\/concursului de recrutare organizat pentru functia de Executie de consilier grad profesional debutant in cadrul Directiei pentru Agricultura a Judetului Buzau\"><span style=\"background-color:#FF0000; color:#FFFFFF\">Rezultate FINALE<\/span><\/a>\n\t     \n\n                <a class=\"x-large custom-button align-btn-left\" href=\"http:\/\/www.dadrbuzau.ro\/?p=3368\" title=\"Rezultatate proba de interviu pentru examenul\/concursul de recrutare organizat pentru functia de Executie de consilier grad profesional debutant in cadrul Directiei pentru Agricultura a Judetului Buzau\"><span style=\"background-color:#FF0000; color:#FFFFFF\">Rezultate proba de interviu<\/span><\/a>\n\t     \n\n                <a class=\"x-large custom-button align-btn-left\" href=\"http:\/\/www.dadrbuzau.ro\/?p=3362\" title=\"Rezultatul CONTESTATIEI examenului\/concursului de recrutare organizat pentru functia de Executie de consilier grad profesional debutant in cadrul Directiei pentru Agricultura a Judetului Buzau\"><span style=\"background-color:#FF0000; color:#FFFFFF\">Rezultat CONTESTATIE<\/span><\/a>\n\t     \n\n                <a class=\"x-large custom-button align-btn-left\" href=\"http:\/\/www.dadrbuzau.ro\/?p=3357\" title=\"Rezultatul examenului\/concursului de recrutare organizat pentru functia de Executie de consilier grad profesional debutant in cadrul Directiei pentru Agricultura a Judetului Buzau\"><span style=\"background-color:#FF0000; color:#FFFFFF\">Rezultat probra scrisa<\/span><\/a>\n\t     \n\n                <a class=\"x-large custom-button align-btn-left\" href=\"http:\/\/www.dadrbuzau.ro\/?p=3351\" title=\"Rezultatul selectiei dosarelor - Concursul de recrutare in functia publica de executie consilier grad profesional debutant\"><span style=\"background-color:#FF0000; color:#FFFFFF\">Rezultatul selectiei dosarelor<\/span><\/a>\n\t     \n\n                <a class=\"x-large custom-button align-btn-left\" href=\"http:\/\/www.dadrbuzau.ro\/?p=3236\" title=\"Anunt concurs\"><span style=\"background-color:#FF0000; color:#FFFFFF\">Anunt concurs<\/span><\/a>\n\t     \n\n                <a class=\"x-large custom-button align-btn-left\" href=\"http:\/\/www.dadrbuzau.ro\/?p=3133\" title=\"Targul Traditii Romanesti la Malul Marii - editia 2015\"><span style=\"background-color:#274a75; color:#FFFFFF\">Targul Traditii Romanesti la Malul Marii - editia 2015<\/span><\/a>\n\t     \n\n                <a class=\"x-large custom-button align-btn-left\" href=\"http:\/\/www.dadrbuzau.ro\/?p=3127\" title=\"Expozitia internationala AgroStandard EXPO Procesare si stocare * 2-5 iulie Lilieci, Jud. ILFOV\"><span style=\"background-color:#274a75; color:#FFFFFF\">Expozitia Internationala AgroStandard EXPO Procesare si stocare<\/span><\/a>\n\t     \n\n                <a class=\"x-large custom-button align-btn-left\" href=\"http:\/\/www.dadrbuzau.ro\/?p=3082\" title=\"Hotararea de Guvern nr.293 din 6 mai 2015 \u2013 privind acordarea unor ajutoare de minimis pentru compensarea efectelor fenomenelor hidrometeorologice manifestate in perioada ianuarie-august 2014 in agricultura in sectorul vegetal\"><span style=\"background-color:#274a75; color:#FFFFFF\">Hotararea de Guvern nr.293 din 6 mai 2015<\/span><\/a>\n\t     \n\n                <a class=\"x-large custom-button align-btn-left\" href=\"http:\/\/www.dadrbuzau.ro\/?p=2965\" title=\"Anunt privind cultura de soia\"><span style=\"background-color:#FF0000; color:#FFFFFF\">Anunt privind cultura de soia<\/span><\/a>\n\t     \n\n                <a class=\"x-large custom-button align-btn-left\" href=\"http:\/\/www.dadrbuzau.ro\/?p=2791\" title=\"Informare autorizare temporara produse de plotectia plantelor\"><span style=\"background-color:#FF0000; color:#FFFFFF\">Informare autorizare temporara produse de plotectia plantelor<\/span><\/a>\n\t     \n\n                <a class=\"x-large custom-button align-btn-left\" href=\"http:\/\/www.dadrbuzau.ro\/?p=2728\" title=\"Instructiuni privind masurile ce trebuiesc respectate la folosirea semintelor tratate cu insecto-fungicide\"><span style=\"background-color:#FF0000; color:#FFFFFF\">Instructiuni - masuri respectare folosire seminte tratate<\/span><\/a>\n\t     \n\n                <a class=\"x-large custom-button align-btn-left\" href=\"http:\/\/www.dadrbuzau.ro\/?p=2621\" title=\"Situatia ajutorului de minimis acordat conform HG.873\/2014 si HG.867\/2014\"><span style=\"background-color:#FF0000; color:#FFFFFF\">Adresa beneficiari MADR<\/span><\/a>\n\t     \n\n                <a class=\"x-large custom-button align-btn-left\" href=\"http:\/\/www.dadrbuzau.ro\/?p=2520\" title=\"Informare privind substanta activa EPOXICONAZOL\"><span style=\"background-color:#FF0000; color:#FFFFFF\">Informare privind substanta activa EPOXICONAZOL<\/span><\/a>\n\t     \n\n                <a class=\"x-large custom-button align-btn-left\" href=\"http:\/\/www.dadrbuzau.ro\/?p=2422\" title=\"Seminar - Infiintarea si intretinerea plantatiilor pomicole in Romania\"><span style=\"background-color:#00C800; color:#FFFFFF\">Informatie de interes pentru pomicultori<\/span><\/a>\n\t     \n\n                <a class=\"x-large custom-button align-btn-left\" href=\"http:\/\/www.dadrbuzau.ro\/?p=2358\" title=\"SITUATIA CENTRALIZATOARE a ajutorului de minimis acordat conform H.G. nr. 867\/2014\"><span style=\"background-color:#274a75; color:#FFFFFF\">SITUATIA CENTRALIZATOARE conform H.G. nr. 867\/2014<\/span><\/a>\n\t     \n\n                <a class=\"x-large custom-button align-btn-left\" href=\"http:\/\/www.dadrbuzau.ro\/?p=2242\" title=\"H O T A R A R E nr. 873<br \/>\nprivind aprobarea schemei de minimis Achizitionarea de catre producatorii agricoli de berbeci de reproductie din rase specializate si de juninci din rase specializate\"><span style=\"background-color:#274a75; color:#FFFFFF\">O R D I N privind ajutor minimis<\/span><\/a>\n\t     \n\n                <a class=\"x-large custom-button align-btn-left\" href=\"http:\/\/www.dadrbuzau.ro\/?p=2238\" title=\"H O T A R A R E nr. 865<br \/>\nprivind aprobarea schemei Ajutoare de minimis pentru compensarea efectelor fenomenelor hidrometeorologice manifestate in perioada ianuarie-august 2014 care se acorda in agricultura, in sectorul vegetal\"><span style=\"background-color:#274a75; color:#FFFFFF\">O R D I N privind ajutor minimis sector vegetal<\/span><\/a>\n\t     \n\n                <a class=\"x-large custom-button align-btn-left\" href=\"http:\/\/www.dadrbuzau.ro\/?p=2232\" title=\"H O T A R A R E nr. 867<br \/>\nprivind aprobarea schemei Ajutor de minimis pentru compensarea efectelor fenomenelor hidrometeorologice nefavorabile manifestate in perioada mai-iulie 2014 ce au produs pagube asupra sectorului apicol\"><span style=\"background-color:#274a75; color:#FFFFFF\">O R D I N privind ajutor minimis sector apicol<\/span><\/a>\n\t     \n\n                <a class=\"x-large custom-button align-btn-left\" href=\"http:\/\/www.dadrbuzau.ro\/?p=2058\" title=\"O R D I N pentru modificarea Ordinului ministrului agriculturii \u0219i dezvolt\u0103rii rurale, al ministrului s\u0103n\u0103t\u0103\u021bii \u0219i al pre\u0219edintelui Autorit\u0103\u021bii Na\u021bionale pentru Protec\u021bia Consumatorilor nr. 724\/1.082\/360\/2013 privind atestarea produselor tradi\u021bionale\"><span style=\"background-color:#274a75; color:#FFFFFF\">O R D I N privind atestarea produselor tradi\u021bionale<\/span><\/a>\n\t     \n\n                <a class=\"x-large custom-button align-btn-left\" href=\"http:\/\/www.dadrbuzau.ro\/?p=1968\" title=\"Material cu privire la OUG nr.34\/2012, aprobata prin Legea nr.63\/2013, pentru stabilirea cadrului institutional de actiune in scopul utilizarii durabile a pesticidelor pe teritoriul Romaniei si HG nr.683\/2013 pentru aprobarea Planului national de actiune privind diminuarea riscurilor asociate utilizarii produselor de protectie a plantelor\"><span style=\"background-color:#274a75; color:#FFFFFF\">Material cu privire la OUG nr.34\/2012, aprobata prin Legea nr.63\/2013<\/span><\/a>\n\t     \n\n                <a class=\"x-large custom-button align-btn-left\" href=\"http:\/\/www.dadrbuzau.ro\/?p=1458\" title=\"Soiuri omologate SCDL Buzau\"><span style=\"background-color:#00C800; color:#FFFFFF\">Soiuri omologate SCDL Buzau<\/span><\/a>\n\t     \n\n                <a class=\"x-large custom-button align-btn-left\" href=\"http:\/\/www.dadrbuzau.ro\/?p=1089\" title=\"COMUNICAT DE PRESA\"><span style=\"background-color:#00C800; color:#FFFFFF\">Comunicat de presa - OG nr. 8\/2013<\/span><\/a>\n\t     \n\n                <a class=\"x-large custom-button align-btn-left\" href=\"http:\/\/www.dadrbuzau.ro\/wp-content\/uploads\/2013\/03\/EXTRAS%20OG%20NR.8-2013.pdf\" title=\"Extras OG  Nr. 8\/2013\"><span style=\"background-color:#00C800; color:#FFFFFF\">Extras OG Nr. 8-2013<\/span><\/a>\n\t     \n\n                <a class=\"x-large custom-button align-btn-left\" href=\"http:\/\/www.dadrbuzau.ro\/wp-content\/uploads\/2014_\/10_\/oferta samanta.pdf\" title=\"Oferta samanta\"><span style=\"background-color:#274a75; color:#FFFFFF\">Oferta samanta<\/span><\/a>\n\t     \n<div class=\"two_third\">\n<\/div>\n<\/div>\n","protected":false},"excerpt":{"rendered":"","protected":false},"author":2,"featured_media":0,"parent":0,"menu_order":0,"comment_status":"closed","ping_status":"closed","template":"page-FullWidth.php","meta":[],"_links":{"self":[{"href":"http:\/\/www.dadrbuzau.ro\/index.php?rest_route=\/wp\/v2\/pages\/3507"}],"collection":[{"href":"http:\/\/www.dadrbuzau.ro\/index.php?rest_route=\/wp\/v2\/pages"}],"about":[{"href":"http:\/\/www.dadrbuzau.ro\/index.php?rest_route=\/wp\/v2\/types\/page"}],"author":[{"embeddable":true,"href":"http:\/\/www.dadrbuzau.ro\/index.php?rest_route=\/wp\/v2\/users\/2"}],"replies":[{"embeddable":true,"href":"http:\/\/www.dadrbuzau.ro\/index.php?rest_route=%2Fwp%2Fv2%2Fcomments&post=3507"}],"version-history":[{"count":17,"href":"http:\/\/www.dadrbuzau.ro\/index.php?rest_route=\/wp\/v2\/pages\/3507\/revisions"}],"predecessor-version":[{"id":4422,"href":"http:\/\/www.dadrbuzau.ro\/index.php?rest_route=\/wp\/v2\/pages\/3507\/revisions\/4422"}],"wp:attachment":[{"href":"http:\/\/www.dadrbuzau.ro\/index.php?rest_route=%2Fwp%2Fv2%2Fmedia&parent=3507"}],"curies":[{"name":"wp","href":"https:\/\/api.w.org\/{rel}","templated":true}]}}